
Let i(a) = -a**2 + 9*a + 13. Let p be i(10). Suppose p*g - 2 = 13. What is the units digit of g?
5
Let k(p) = p**3 - 5*p**2 - 8*p + 8. Let c be k(6). Let m(d) be the first derivative of -5*d**2/2 - 5*d + 33. What is the units digit of m(c)?
5
What is the tens digit of (-2469)/(-6) + (-9)/(-6)?
1
Suppose -c = -2*m + 763, 3*m + 2*c = 3*c + 1146. Let g = -170 + m. What is the tens digit of g?
1
Let m be ((-8)/6)/((-4)/96). Let d = -28 + m. Suppose -d*q = q - 60. What is the tens digit of q?
1
Suppose -14*b + 9022 = 1252. What is the hundreds digit of b?
5
Suppose 13*v - 12 = 10*v. Suppose 0 = v*y - 2*p + 4*p - 306, 0 = -2*y + 5*p + 135. What is the units digit of y?
5
What is the tens digit of (-117915)/(-75) - 5/25?
7
Suppose -5*b = -2 - 23. Suppose c - b = 2. What is the tens digit of c/(9/(-5) + 2)?
3
Let k(x) be the first derivative of x**4/4 + x**3/3 + x**2 + 2*x - 7. Let q be k(-3). Let m = q + 27. What is the units digit of m?
5
Suppose -1311 = -5*m - 18*m. What is the units digit of m?
7
Suppose 5*t - 25 - 25 = g, -2*g = -3*t + 30. Suppose t*x - 8*x = 174. What is the units digit of x?
7
Suppose -x = -2*v - 1, -29 = -2*v - 2*x - 3*x. Suppose -5*y + 207 = -4*i, -2*y + v*i - 53 = -137. What is the units digit of y?
9
What is the tens digit of (-5 - 644/4)*-2?
3
Let x be ((-175)/(-15))/((-1)/(-3)). Let a(f) = -2*f - 14. Let b be a(-9). Let c = b + x. What is the tens digit of c?
3
Let o = 161 + -131. Suppose l = o + 39. What is the units digit of l?
9
What is the units digit of 1*986 + 23 + -24?
5
Let c(j) be the third derivative of j**5/60 + 5*j**4/24 - 5*j**3/3 + 4*j**2. Let t be c(-7). Suppose -2*s - 42 = -t*s. What is the units digit of s?
1
Let g(t) be the second derivative of t**3/6 + 5*t**2 + 3*t. Let r be g(-5). Suppose j - r - 18 = 0. What is the units digit of j?
3
Let v = 1186 + -86. What is the thousands digit of v?
1
Suppose 50 + 14 = 2*t. Let n = 44 - t. Suppose c - n = 10. What is the units digit of c?
2
Let m(v) be the first derivative of -29*v**2/2 - v - 34. What is the units digit of m(-6)?
3
Let y = -647 + 1704. Suppose -z + 169 = -2*d - 40, y = 5*z + 2*d. What is the tens digit of z?
1
Suppose -a = -0 - 9. Suppose 86 = -7*z + a*z. What is the units digit of z?
3
Let x(i) = i**2 + 7*i - 5. Let r be (-7 - -1) + 4 + 2. Suppose 3*g - 15 = -r*g. What is the tens digit of x(g)?
5
Suppose 23 + 22 = 15*c. Suppose 0 = c*o - 0*o - 207. What is the tens digit of o?
6
Suppose -2*w - 5*t + t - 2 = 0, -w - 3*t - 4 = 0. Let k = 19 - w. Suppose 2*o - k = -z, -o + 5*z + 7 = 3*z. What is the units digit of o?
7
Let p(c) = 2*c**2 - 8*c + 6. Let i be p(4). Suppose 0 = i*w - w - 495. What is the units digit of w?
9
Suppose -7 - 5 = -4*y. Suppose -y*r + 6*r = -6. Let o(x) = -2*x - 2. What is the units digit of o(r)?
2
Suppose j + 4 = -3. Let f(a) be the second derivative of a**5/20 + 2*a**4/3 + 7*a**3/6 + 3*a**2/2 + 11*a. What is the units digit of f(j)?
3
Suppose -5*x + 360 = 2*j, -5*j - x + 514 = -2*j. What is the hundreds digit of j?
1
Let l be ((-69)/(-9) - 5)/(4/6). Suppose 0 = -l*t - 5*j + 567, 2*j + 0*j = -t + 141. What is the tens digit of t?
4
Let a be (-3)/((-27)/6) - (-246)/9. Let h be (-4)/1*(-1 - -3). What is the tens digit of (-178)/h - (-21)/a?
2
Suppose 16*z - 3890 = 6*z. What is the hundreds digit of z?
3
Let b(q) = -q**2 - 11*q + 6. Let i be b(-11). Suppose -3*u = -i*u. Suppose 108 = 4*j - u*j. What is the units digit of j?
7
Suppose 0 = -g - 5*y + 791, -8*g + 12*g - 3181 = -3*y. What is the hundreds digit of g?
7
Let u be -9 + ((-24)/(-2))/(-4). What is the units digit of 4/u + 19/3?
6
Suppose -50 = -0*z - 2*z. Suppose z + 34 = i. What is the units digit of i?
9
Let k(b) = -b**2 - 15*b - 14. Let q be k(-14). Suppose 4*s - 261 - 187 = q. What is the units digit of s?
2
Suppose -4*d = 4*m - 1120, -10*m + 11*m - 277 = -4*d. What is the units digit of m?
1
Suppose -65586 - 73914 = -50*r. What is the units digit of r?
0
Let w be ((-24)/10)/(-3)*(-35)/(-2). Suppose -246 - 1924 = -w*l. What is the tens digit of l?
5
Let h = 3 + -3. Suppose -2*o + 3*o - 2 = h. What is the units digit of o?
2
What is the tens digit of 6114/16 + (-5)/40 + 3?
8
Let t = 45 + -38. What is the hundreds digit of 209/2 - t/(-14)?
1
Let u = 11 - 11. Suppose u = -5*a - n + 4*n + 192, -4*a = -2*n - 154. What is the units digit of a?
9
Let h be (3*21/(-6))/((-2)/(-36)). Let m = h - -273. What is the units digit of m?
4
Let j(r) = 77*r + 10. Let t be j(3). Suppose -5*c + 311 = -2*z + 4*z, -4*c + z = -t. What is the units digit of c?
1
Let n(x) = x + 19. Let t be n(-20). What is the units digit of -1*1 - 57/(t/1)?
6
Let w = -969 + 2687. What is the hundreds digit of w?
7
Suppose 0 = 3*g - 2*y - 6009, 3*g + 4*y - 1388 = 4621. What is the hundreds digit of g?
0
Let j(u) = 0*u + 0*u + 3*u + 1 + 3. Let x be j(6). Suppose -m - 143 + x = -3*p, 5*p = 5*m + 205. What is the units digit of p?
0
Suppose 93*f - 1932 = 81*f. What is the tens digit of f?
6
Let f(c) = -5*c - 9. Let t(r) = -15*r - 27. Let i(y) = 17*f(y) - 6*t(y). What is the tens digit of i(7)?
4
Let m(z) be the third derivative of -7*z**4/24 + 2*z**3/3 + 7*z**2. Let j be m(-10). What is the units digit of j/5 - (-5)/25?
5
Suppose 0 = 4*s + 16 - 124. What is the units digit of s?
7
Suppose 1025 = c - 6*c. Let t be 16/72 - c/9. Let d = t - 21. What is the units digit of d?
2
What is the hundreds digit of 33*(4 + (-134)/(-3))?
6
Let x = -249 + 349. What is the units digit of x?
0
What is the units digit of 6*89*(-20)/(-30)?
6
Suppose 11*g = 16*g - 1125. Let k = g - 140. What is the units digit of k?
5
Suppose -4*s = s - 220. What is the units digit of (s/6)/((-6)/(-63))?
7
Let h be (-4)/(-14) + (-72)/(-42). Suppose -h*j - 4*o + 32 = 0, 4*j + o - 98 = -j. What is the units digit of j?
0
Let y = -87 + 91. What is the units digit of y?
4
Let n = -2377 + 3640. What is the units digit of n?
3
Let z be (-3)/((-1)/24*-94 + -4). Suppose 38*u - 36 = z*u. What is the tens digit of u?
1
Let n(a) = a**3 + 3*a**2 - a - 1. Let r be n(-3). Let i be r/3 + (-240)/(-45). Suppose i*k = -4 + 28. What is the units digit of k?
4
Let u be (-4)/16 - 1195/4. Let w = -56 - u. What is the units digit of w?
3
Let i = -1 + 5. Suppose i = 5*f - 11. What is the units digit of -6 + f + 0 + 16?
3
Let p = -75 + 77. Let t be 2/(-4) + (-25)/(-2). Suppose -4*x - p*u + 72 = 0, 2*x - 5*u = -0*x + t. What is the units digit of x?
6
Let g be ((-2)/3)/(4/84*-1). Suppose -x + g = x. What is the units digit of x?
7
Suppose x = 3351 + 1302. What is the units digit of x?
3
Let p = -1 - 3. Let b = p - -4. What is the tens digit of (24 - (3 - b))/1?
2
Suppose 5*c = 2*c - 3*g, -5*g = -3*c + 32. Suppose 2*f + 189 + 181 = 2*u, 0 = -2*f - c. Let d = u + -114. What is the tens digit of d?
6
Let z = 259 + -149. Suppose -x - z = -3*x. What is the tens digit of x?
5
Suppose -j + 181 = g - 121, 5*j - 15 = 0. What is the tens digit of g?
9
Let z(y) be the first derivative of 4*y**2 + 20*y + 16. What is the units digit of z(7)?
6
Let b(o) = 15*o**2 + 4*o - 48. What is the hundreds digit of b(6)?
5
Suppose -r = 3*r. Suppose 3*u + 11 + 19 = r. What is the units digit of 12/32*u*-4?
5
Let t = 1 + 6. Suppose 3*d = d + 20. Suppose -d*i = -t*i - 66. What is the units digit of i?
2
Suppose -20 = -17*a + 12*a. Suppose a*q + 0*q - 3*d = 84, q + 2*d - 21 = 0. What is the units digit of q?
1
Suppose -14 = -5*s + 2*b, 2*s = 2*b + 2 - 0. Suppose -8*n + 5*n = -327. Suppose -157 = -s*d + 5*j, -4*d + j + n = -60. What is the units digit of d?
3
Let v be (17/(-51))/((-2)/12). Let g be 1*393 - (-4 + v). Suppose 95 - g = -5*n. What is the tens digit of n?
6
Let m = 1440 - 856. Suppose c - m = -c. What is the units digit of c?
2
Suppose 9*p - p + 48 = 0. Let x(u) be the first derivative of u**3/3 + 5*u**2/2 + 4*u + 1. What is the tens digit of x(p)?
1
Let k(x) = -7*x**2 - 6*x - 7 + 4*x**2 - 6*x**2 + 11*x**2. What is the tens digit of k(5)?
1
Suppose 2*f - 4*g + 6 = 2, 9 = 3*g. Suppose 0 = w - f, -5*d - 5*w - 156 = -1066. What is the units digit of d?
8
Let v be 11 - 4 - 2 - -1. Let a be 294/15 - v/(-15). What is the tens digit of (3 + -4 + a)/1?
1
Let d be 35/(-2 + (-9)/(-4)). Let s = -80 + d. Suppose s = r + r. What is the tens digit of r?
3
Let n be (1/(-2))/((-2)/(-20)). Suppose 0 